**2 - 15*u - 11. Determine t(-17).
-45
Let c(t) = 9*t + 251. Calculate c(-28).
-1
Let x(z) = -6*z + 2. What is x(3)?
-16
Let k(b) = 2*b - 7. Calculate k(6).
5
Let u(h) = 2*h + 3. What is u(-7)?
-11
Let t(g) = 2*g**2 + 12*g - 7. Give t(-7).
7
Let z(a) = -2*a**2 + 14*a + 5. What is z(6)?
17
Let j(o) = o**2 + 14*o + 21. What is j(-11)?
-12
Let m(u) = -2*u**2 + 20*u. Determine m(11).
-22
Let m(d) = 6*d - 29. What is m(5)?
1
Let s(f) = -3*f - 59. Calculate s(-14).
-17
Let t(l) = -5*l - 2. Determine t(6).
-32
Let v(l) = l**2 + 6*l - 83. What is v(-13)?
8
Let i(m) = m**3 + 13*m**2 - 23*m - 26. Determine i(-15).
-131
Let m(t) = -4*t**3 + 5*t**2 + 4*t - 2. Calculate m(-2).
42
Let x(m) = -m**3 + 8*m**2 + 9*m + 6. What is x(9)?
6
Let m(z) = 2*z + 9. Determine m(8).
25
Let c(t) = t**3 + 19*t**2 - 2*t - 32. Calculate c(-19).
6
Let s(p) = p**3 - 3*p**2 + 5*p - 32. Give s(4).
4
Let g(f) = f + 22. Give g(-14).
8
Let w(h) = h**2 + 10*h + 10. What is w(-4)?
-14
Let g(j) = -2*j + 8. What is g(10)?
-12
Let o(z) = -z**2 - 12*z + 18. Calculate o(-14).
-10
Let q(d) = -10*d - 8. Give q(-2).
12
Let r(i) = -3*i + 6. Give r(2).
0
Let f(p) = p**2 - 14*p + 38. Determine f(6).
-10
Let c(y) = 44*y + 559. Calculate c(-13).
-13
Let g(a) = 2*a**2 + 7*a - 7. Determine g(-6).
23
Let f(z) = -4*z + 6. What is f(-4)?
22
Let l(q) = q**3 + 14*q**2 + 21*q + 118. Give l(-13).
14
Let q(b) = 4*b - 4. Give q(-3).
-16
Let h(n) = 3*n**2 - 2*n + 3. Give h(2).
11
Let m(j) = 6*j - 25. Give m(11).
41
Let p(f) = -f**2 - 3*f - 3. What is p(-6)?
-21
Let y(u) = -2*u**2 - 16*u + 20. Determine y(-9).
2
Let c(y) = -19*y - 209. Determine c(-11).
0
Let w(z) = -3*z + 11. What is w(4)?
-1
Let t(z) = z**2 - 8*z - 11. Give t(8).
-11
Let b(i) = -11*i + 102. Give b(9).
3
Let z(i) = 8*i - 5. What is z(-3)?
-29
Let t(b) = -2*b**2 - 13*b - 16. Give t(-6).
-10
Let m(f) = 2*f + 17. What is m(-6)?
5
Let f(c) = 2*c + 29. What is f(-13)?
3
Let a(k) = 2*k**3 - k + 1. What is a(1)?
2
Let a(g) = g**3 - 10*g**2 + 14*g + 7. Determine a(8).
-9
Let n(y) = 2*y - 15. Give n(4).
-7
Let s(h) = h - 8. What is s(2)?
-6
Let w(y) = y**2 + 9*y + 9. Determine w(-7).
-5
Let y(h) = h**3 - 28*h**2 - 26*h - 99. Give y(29).
-12
Let c(t) = 2*t + 20. Give c(-15).
-10
Let y(g) = -72*g - 225. Give y(-3).
-9
Let q(x) = 13*x + 3. Calculate q(-3).
-36
Let j(n) = -n + 40. Calculate j(18).
22
Let d(c) = 6*c + 25. Determine d(-5).
-5
Let j(l) = l**2 + 11*l + 30. Give j(-7).
2
Let q(a) = -a + 3. Determine q(-1).
4
Let n(h) = h**3 + 6*h**2 + h - 8. Give n(-5).
12
Let f(d) = -d**2 - 5*d + 4. Calculate f(-6).
-2
Let o(x) = 3*x**3 - x**2 - x - 3. What is o(-2)?
-29
Let g(z) = -2*z**3 + 20*z**2 + 16*z + 26. What is g(11)?
-40
Let v(n) = 2*n**2 + 2*n - 3. Calculate v(-2).
1
Let i(g) = -g**3 + 2*g**2 + 13*g + 9. Determine i(5).
-1
Let a(d) = -d**3 + 8*d**2 - 15*d + 7. What is a(6)?
-11
Let w(u) = -u - 24. Determine w(0).
-24
Let a(w) = 2*w**2 - 20*w - 229. Calculate a(-7).
9
Let p(b) = -2*b**2 + 7*b + 19. Give p(8).
-53
Let d(f) = f**3 + 9*f**2 + 5*f - 4. Give d(-8).
20
Let j(q) = -q**2 - 5*q + 9. What is j(-6)?
3
Let k(d) = -d + 2. Determine k(-1).
3
Let k(p) = p + 3. What is k(7)?
10
Let h(u) = 6*u + 65. Give h(-10).
5
Let r(c) = -c**3 - 7*c**2 - 6*c + 25. Determine r(-5).
5
Let s(y) = y**3 + 22*y**2 + 22*y + 22. Determine s(-21).
1
Let u(z) = 25*z + 9. Determine u(-3).
-66
Let h(m) = m**3 + 6*m**2 + 2*m - 2. Give h(-3).
19
Let j(p) = -p**3 - 12*p**2 - 7*p - 8. Calculate j(-11).
-52
Let w(k) = -k**3 + 16*k**2 + 18*k - 5. What is w(17)?
12
Let c(m) = -m**2 - 17*m + 31. Calculate c(-19).
-7
Let q(s) = s**2 + 128*s - 799. What is q(6)?
5
Let s(j) = -18*j**2 - 105*j + 1. Give s(-6).
-17
Let x(j) = 5*j**3 + 3*j**2 + 2*j - 4. Calculate x(1).
6
Let o(v) = -103*v + 1. Give o(1).
-102
Let v(h) = h**3 - 6*h**2 - 9*h + 13. What is v(6)?
-41
Let j(r) = r**2 + 8*r - 5. Calculate j(5).
60
Let k(m) = m**3 + 7*m**2 - 2*m + 7. Calculate k(-8).
-41
Let l(y) = -y**3 - 15*y**2 - 11*y - 33. Calculate l(-15).
132
Let y(l) = l**3 - 13*l**2 - 14*l + 18. Give y(14).
18
Let c(u) = -3*u + 28. Calculate c(0).
28
Let q(t) = 6*t + 59. Determine q(-19).
-55
Let w(g) = -g**2 + 5*g - 17. What is w(3)?
-11
Let z(i) = -2*i - 7. Calculate z(-5).
3
Let b(a) = a - 16. Give b(7).
-9
Let n(y) = -4*y - 22. What is n(-8)?
10
Let j(w) = -26*w + 266. Give j(10).
6
Let x(i) = 2*i**2 - 42*i + 41. Determine x(20).
1
Let u(d) = -d**3 + 8*d**2 - 3*d - 4. Calculate u(7).
24
Let v(w) = w**3 - 4*w**2 - 2*w - 2. Calculate v(5).
13
Let d(r) = -3*r**2 + 2*r - 1. Determine d(2).
-9
Let v(d) = d**3 + 35*d**2 + 36*d + 68. Determine v(-34).
0
Let i(d) = -2*d. Calculate i(-9).
18
Let q(c) = 7*c**2 - c + 2. Determine q(1).
8
Let n(z) = z**2 - 17*z + 57. What is n(12)?
-3
Let a(w) = w**3 - w**2 + 4*w + 1. Calculate a(-2).
-19
Let p(h) = -2*h**3 - 3*h**2 + 2. What is p(-2)?
6
Let q(b) = 2*b**3 + 2*b**2 + 2*b + 3. Give q(-2).
-9
Let k(r) = -9*r + 3. Give k(2).
-15
Let n(y) = -y**2 + 25*y - 150. Give n(10).
0
Let g(r) = -r**3 + 4*r**2 + 5*r + 3. Determine g(6).
-39
Let l(t) = 3*t**2 - 2*t + 2. What is l(-5)?
87
Let o(n) = n**2 + 44*n + 385. Determine o(-32).
1
Let y(h) = h**3 - 2*h**2 + 3*h - 12. Give y(3).
6
Let r(w) = w**3 + 10*w**2 - 18*w - 26. Determine r(-12).
-98
Let z(t) = t**3 + 6*t**2 + 7*t + 10. Give z(-4).
14
Let y(l) = 2*l**2 - 2*l + 3. Give y(3).
15
Let o(r) = -r**2 - 22*r - 63. Calculate o(-19).
-6
Let h(f) = -f**2 + 2*f - 7. What is h(6)?
-31
Let y(w) = 5*w**2 - 10*w. Determine y(3).
15
Let f(k) = 3*k + 3. Determine f(2).
9
Let o(h) = h - 23. Calculate o(15).
-8
Let f(j) = -j - 29. What is f(0)?
-29
Let x(f) = 2*f + 14. What is x(-7)?
0
Let t(g) = 12*g**2 + g. What is t(1)?
13
Let u(l) = -9*l**2 + 3. Give u(-1).
-6
Let s(k) = -k**3 - 16*k**2 - 16*k - 12. Determine s(-15).
3
Let u(q) = -30*q - 1. Determine u(1).
-31
Let r(t) = -4*t**2 + 26*t - 5. What is r(8)?
-53
Let d(y) = y**2 + 25*y - 117. Determine d(4).
-1
Let t(u) = 6*u**2 + 3*u - 3. Calculate t(2).
27
Let z(q) = 2*q**3 + 51*q**2 - 80*q + 33. What is z(-27)?
6
Let d(x) = -5*x - 2. Give d(1).
-7
Let o(c) = -c**3 - 5*c**2 + 26*c + 22. What is o(-8)?
6
Let z(s) = -12*s. Give z(-1).
12
Let x(t) = 34*t - 1392. What is x(41)?
2
Let o(w) = -2*w**2 - 49*w - 29. What is o(-24)?
-5
Let j(k) = -k**2 + 87*k - 545. Give j(7).
15
Let c(a) = a**2 + 14*a + 10. What is c(-11)?
-23
Let d(w) = 3*w - 2. Determine d(11).
31
Let r(s) = s**2 - 4*s - 13. What is r(0)?
-13
Let c(b) = -4*b - 12. What is c(-4)?
4
Let t(n) = -6*n - 5. What is t(2)?
-17
Let z(a) = 2*a**2 - 37*a - 23. What is z(18)?
-41
Let d(h) = -h**2 - 2. Determine d(4).
-18
Let p(d) = -2*d**3 - 19*d**2 + 11*d + 24. What is p(-10)?
14
Let g(j) = j**3 - 10*j**2 - 19*j - 40. Calculate g(12).
20
Let p(v) = -8*v - 12. What is p(-5)?
28
Let g(k) = -3*k + 9. Determine g(5).
-6
Let l(h) = -3*h**2 + 9. What is l(-5)?
-66
Let g(o) = -o**3 + 4*o**2 + 3*o. What is g(5)?
-10
Let s(l) = l**3 - 6*l**2 - 10*l + 10. What is s(7)?
-11
Let f(u) = -u**3 - 3*u + 5. Give f(2).
-9
Let s(t) = -4*t + 7. Give s(-7).
35
Let t(h) = -2*h**3 - 4*h**2 + 3*h - 5. Determine t(-4).
47
Let w(v) = -13*v - 1. What is w(1)?
-14
Let y(n) = n**3 + 9*n**2 - 5*n + 22. Give y(-10).
-28
Let c(h) = h**3 - 6*h**2 + 4*h + 5. What is c(6)?
29
Let x(r) = r**3 - 2*r**2 - 4*r - 8. Calculate x(4).
8
Let o(c) = c**3 - 4*c**2 - 10*c + 15. Calculate o(6).
27
Let d(y) = -y**3 - 3*y**2 - y - 6. Determine d(0).
-6
Let b(q) = q**3 + q**2 - 3*q - 3. What is b(-3)?
-12
Let z(y) = y**3 - 6*y**2 + 2*y + 4. Give z(3).
-17
Let i(s) = s**3 + 10*s**2 - 12*s - 55. Give i(-11).
-44
Let c(p) = -2*p - 20. What is c(-9)?
-2
Let d(x) = -2*x**2 + 29*x - 30. Give d(12).
30
Let y(o) = -o**3 - o**2 - 10*o - 7. Give y(-4).
81
Let f(c) = c**3 - 6*c**2 + 7*c. What is f(3)?
-6
Let d(g) = g**3 - 10*g**2 + 10*g - 11. Determine d(9).
-2
Let f(l) = -9*l - 7. Determine f(-3).
20
Let q(m) = -4*m + 44. Give q(13).
-8
Let a(p) = 4*p + 53. What is a(11)?
97
Let l(j) = -j**2 + 10*j + 15. What is l(11)?
4
Let a(t) = 9*t**2 + 141*t - 38. Calculate a(-16).
10
Let f(c) = -6*c**2 - 201*c - 54. Give f(-33).
45
Let w(f) = 2*f - 88. What is w(27)?
-34
Let i(r) = 2*r**3 + 12*r**2 - 11*r - 28. Give i(-6).
38
Let z(d) = -d**2 - 15*d + 2. What is z(-8)?
58
Let b(u) = u**2 - 5*u + 3. What is b(1)?
-1
Le